s - 1. Let q be h(-3). Suppose -5*m = -2*m + l - 8, -m + 12 = 5*l. What is the units digit of 172/(q/m) + -4?
9
Let a(s) = -s**3 + 3*s**2 + 11*s - 10. Let j be a(5). What is the units digit of 100/(-15)*j/(10/3)?
0
Let x(g) = -3*g - 7. Suppose 2*v + 5 = 5*p, 5*v - v + 49 = -3*p. What is the tens digit of x(v)?
2
Let t be (2 - -2) + (2 - -83 - -9). Suppose 3*l = -2*l + 10. Suppose -l*b + 0*b + 4*s + t = 0, 2*b - 2*s - 96 = 0. What is the units digit of b?
7
Let v(j) = 2*j**2 - 10*j + 4. Let m be v(8). Suppose 2*l + 2*f = m, f - 2 + 3 = 0. What is the units digit of l?
7
Let m be (-4)/1*(7 - 8). What is the tens digit of (26/m - 2)/((-17)/(-442))?
1
Let h(g) = g + 3. Let r be h(0). Let s = r + -1. Suppose 3*a = -w - 2*a - 2, -4*w = s*a - 10. What is the units digit of w?
3
Let j(t) = -t**3 - 12*t**2 - t - 19. Let d be j(-12). What is the units digit of (-8 + 1)*316/d?
6
Suppose -4*i = -3*s - 11, -i - 2*i + 6 = -3*s. Let j(b) = b**2 + b. Let o be j(5). Suppose -i*h + o = -4*h. What is the units digit of h?
0
Suppose -162 = 6*m - 4*m + 4*n, 5*m - 3*n = -444. Let y(d) = 14*d + 3. Let q be y(-4). Let z = q - m. What is the tens digit of z?
3
Suppose 5*w = 5*z - 80, -z + 0*z + 19 = 2*w. Let m = 42 + z. What is the units digit of m?
9
Suppose -125*r - 168 = -129*r. What is the units digit of (r/5)/((-27)/(-180))?
6
Suppose -10*h + 6*h + 2*a + 3822 = 0, -6 = 2*a. What is the hundreds digit of h?
9
What is the thousands digit of (3 - (-1729 + -9)) + 8?
1
Suppose 9*m - 4470 = 237. What is the tens digit of m?
2
Suppose 3*u - 6*u - 29 = 4*x, 27 = -4*u - 3*x. Let t = 305 + -311. What is the units digit of (0/5)/u - t?
6
Suppose 2*y = y - 1. Let d(r) = r**2 - 1. Let c be d(y). What is the units digit of 0 + c - (-19 - -10)?
9
Let a(n) = 91*n**2 - 102*n - 1. What is the thousands digit of a(-6)?
3
Let p = 61 - 42. Suppose -p*t = -20*t + 50. What is the tens digit of t?
5
Let c(b) = -b**2 + 8*b + 8. Let h be c(8). Let w = -6 + h. What is the units digit of w?
2
Let y = 42 + -30. Suppose 4*j - 8 = -y. What is the units digit of ((-3)/(-15))/(j/(-5))?
1
Suppose 0 = -w + 10. Suppose 5 = x - w. What is the tens digit of x?
1
Suppose 0*v = 5*u - 2*v - 55, 2*u - 11 = 3*v. What is the tens digit of u?
1
Let q be 4*10*(-3)/8. Let g = q - -10. What is the units digit of (0 - 8)*g/10?
4
Let l(g) = -158*g**3 + 4*g**2 + 4*g - 3. What is the thousands digit of l(-2)?
1
Let n = -8 - -11. Let t(g) = 5*g - 16 + 3*g - 9*g - n*g + g**2. What is the units digit of t(11)?
1
What is the units digit of 709 + (-1)/(8/(-2) - -5)?
8
Let p(v) = v**3 + 4*v**2 - 13*v + 5. Let a be p(-6). Suppose o - 28 + a = -4*b, o = 3*b - 4. What is the tens digit of (-1243)/(-55) + 2/o?
2
Let m(a) = -a**2 + 8*a - 4. Let s(h) be the third derivative of -h**4/24 - h**3/3 - h**2. Let r be s(-5). What is the units digit of m(r)?
1
Let l(g) = -g + 5. Let o be l(4). Suppose m = 4*w - 10, -w - w - 2*m = -10. Suppose -u = -0*u + o, 5 = q - w*u. What is the units digit of q?
2
Let k be (166/3)/((-15)/45). Let v = 104 + k. Let g = 96 + v. What is the tens digit of g?
3
Suppose 7*z = 3*z + 540. What is the hundreds digit of z?
1
Suppose 20 = -5*d, -4*d - 135 = 5*v - 44. What is the tens digit of ((-62)/(-10))/((-3)/v)?
3
Let h(a) = a**3 - 5*a**2 + 4*a + 5. Let m be h(4). Let l(b) = 2*b - 5 + 6*b + m*b - 2*b. What is the units digit of l(4)?
9
Let y be 3/(0 + 9/21). Suppose 4*t = y*t - 9. Suppose 20 = 2*u + d + t*d, 0 = 4*d. What is the tens digit of u?
1
Let r = 22 - 22. Suppose 2*w + 3*o - 53 = -0, w + 2*o - 28 = r. Let i = w + -21. What is the units digit of i?
1
Let h be (4/2)/(((-14)/(-263))/7). What is the tens digit of (-54)/(-162) - 2/((-6)/h)?
8
Suppose -2*w + 2*b = -726, 23*b = -4*w + 18*b + 1470. What is the tens digit of w?
6
Let v = -172 + 108. Suppose 0 = -0*d - 3*d - 9, 5*d + 23 = 2*w. What is the tens digit of v/(-24)*27/w?
1
Let y = 1618 - 704. What is the units digit of y?
4
Let j(x) = x**3 - 30*x**2 - 77*x - 1. What is the tens digit of j(33)?
2
Suppose -23022 = -10*r + 18498. What is the thousands digit of r?
4
Suppose -2*u - 14 = -4*b - 2, -u = b. What is the tens digit of 9917/47 - 4/((-2)/u)?
0
Let d(c) be the third derivative of -5*c**2 + 0*c + 0*c**3 + 1/60*c**5 - 1/8*c**4 + 0. What is the tens digit of d(5)?
1
Suppose 0 = 33*q - 8*q - 23625. What is the hundreds digit of q?
9
Suppose 3*a - u + 4*u = -45, 4*u = 5*a + 57. What is the tens digit of -28*(3 + a/2)?
9
Let f = 5 + -8. Let y be (-2 - -5)*(-4 - f). Let q(m) = m**2 + m - 3. What is the units digit of q(y)?
3
Let m = -2625 + 4058. What is the units digit of m?
3
Let g(b) = -23*b - 27. Let n = -10 + 4. What is the units digit of g(n)?
1
Let f(o) = 167*o + 93. What is the hundreds digit of f(14)?
4
Suppose -y + 761 + 618 = -5*g, -1367 = -y + g. What is the hundreds digit of y?
3
Let h = 12 + -5. Suppose h = 2*x + 3. Suppose -11 = -b + 4*u, b = x*b - 2*u - 21. What is the units digit of b?
1
Let i(n) be the first derivative of -n**3/3 - 5*n**2/2 + 2*n + 2. Let d be i(-5). Suppose 0 = u + d*t - 15, 2*u - 4*t - 72 = -2*u. What is the units digit of u?
7
Let c(f) = 37*f - 62. Let s be c(2). Let p be 0/((-4 - 0)/(-2)). Suppose k - s = -p. What is the tens digit of k?
1
Let c(z) = 5*z**2 - 5. Suppose -2*r - 3 = 5. What is the tens digit of c(r)?
7
Let c be (-24)/30 - (-6)/(-5). Let v be -2 + 0 + 5 + c. Let r(y) = 30*y**3 + y**2 - y + 1. What is the units digit of r(v)?
1
Let l(j) = -1 + 0*j + 2*j - 7*j + 6*j. Let h(o) = -o**3 + 6*o**2 + 13*o - 11. Let m(v) = h(v) - 2*l(v). What is the units digit of m(6)?
7
Let k be -112 - (-2)/(-2)*-1. Let d = -383 - -223. Let c = k - d. What is the tens digit of c?
4
Let k(g) = g**2 + 13*g + 11. Let b be k(-12). Let x be b - 2*2/(-4). Suppose m = -x*m + 11. What is the tens digit of m?
1
Let i = 91 + -91. Suppose i = u - 44 - 57. What is the hundreds digit of u?
1
Let d = -1794 - -2340. What is the units digit of d?
6
Suppose -2*j + 64 = v, -12*j + 9*j - 289 = -4*v. What is the units digit of v?
0
Let h(d) = d**2 + 2*d - 5. Let n be (0/(-4))/(1*2). Let a be h(n). What is the tens digit of (-68)/a - (-6)/15?
1
Let m = -2935 - -5071. What is the units digit of m?
6
Suppose 0 = 2*g - 5*p - 61, -5*g = -3*g + 3*p - 69. Suppose 3*d + g = 324. What is the units digit of d?
7
Let b(z) = -1795*z**3 - 15*z - 16. What is the units digit of b(-1)?
4
Suppose y + 4*w = 3*y + 174, 5*y + 435 = 2*w. Let q = y + 183. What is the units digit of q?
6
What is the hundreds digit of 698/10*4*80/32?
6
Let r = -2 + -4. Let c(v) = -10*v + 1. Let z(t) = -9*t + 1. Let k(u) = r*z(u) + 5*c(u). What is the units digit of k(7)?
7
Let i(p) = 2*p - 9. Let n be i(3). Let w be (0 - 0) + -2 + 12. What is the tens digit of n/6 + 245/w?
2
Let l = 37 - 36. What is the units digit of (4 - (-103)/l) + 4?
1
Let j = -108 + 110. Suppose j*r - 9*r = -1736. What is the hundreds digit of r?
2
Suppose -3*i + 5*m + 490 = 4*m, -3*i = m - 482. Suppose 3*a + 4*z - i = 64, 4*z = -a + 78. What is the units digit of a?
4
Suppose -4*n - 8 = 0, -3*t + 3*n = 2*n - 17. Suppose 262 = t*b + 67. What is the tens digit of b?
3
Let p be (-1 + (3 - -4))/(15/(-10)). Let c(d) = 15*d**2 + 6*d + 7. What is the hundreds digit of c(p)?
2
Suppose 0 = -99*n + 110*n - 68013. What is the hundreds digit of n?
1
Suppose -d - 8*n + 4*n + 3975 = 0, -2*n = -4*d + 15864. What is the thousands digit of d?
3
What is the units digit of ((-6)/(-8))/(-2 - 66945/(-33468))?
9
Let o(w) = 4*w**2 - 11*w - 6. Suppose 126 = 3*a - 3*x, -3*x + 4*x = -a + 48. Let r be (-3)/(-6) + a/10. What is the units digit of o(r)?
9
Suppose -4*z + 8 = -4*w, 0 = 4*w - 3*z + 12. What is the units digit of 88/(-33)*w/4?
4
Let c(k) = 4*k - 4. Let x be c(3). Let y(g) = 7*g**2 - 9*g - 11. Let i(f) = -9*f**2 + 10*f + 13. Let u(h) = 3*i(h) + 4*y(h). What is the units digit of u(x)?
1
Let g be 0 + -3 + (-42)/14. What is the tens digit of (5 - 16)*(0 + g)?
6
Let b(x) = x + 15. Let l(w) = 4*w + 75. Let m(t) = -11*b(t) + 2*l(t). What is the units digit of m(-8)?
9
Let a(i) = 43*i + 8. What is the tens digit of a(1)?
5
Let u = -18 - -22. Suppose j + 82 = 2*x - 0*x, u*x + j - 176 = 0. What is the tens digit of x?
4
Suppose -9*t + 187 + 5114 = 0. What is the units digit of t?
9
Let m(b) = b**3 + 4*b**2 - 7*b + 5. Let r b